{"id":10017,"date":"2025-12-02T08:54:15","date_gmt":"2025-12-02T07:54:15","guid":{"rendered":"https:\/\/www.os-dravograd.si\/?page_id=10017"},"modified":"2025-12-04T09:34:27","modified_gmt":"2025-12-04T08:34:27","slug":"prehrana-podpora","status":"publish","type":"page","link":"https:\/\/www.os-dravograd.si\/index.php\/prehrana-podpora\/","title":{"rendered":"PREHRANA PODPORA"},"content":{"rendered":"\n<p>Za vse nujne zadeve, povezane s \u0161olsko prehrano, smo vam na voljo na elektronskem naslovu:<br><strong><a href=\"mailto:prehrana@os-dravograd.si\" target=\"_blank\" rel=\"noreferrer noopener\">prehrana@os-dravograd.si<\/a><\/strong><\/p>\n\n\n\n<p>Na ta e-naslov se lahko obrnete v naslednjih primerih:<\/p>\n\n\n\n<ul><li>izredna odjava prehrane u\u010dencev (npr. nenadna bolezen, nepri\u010dakovan odhod domov med poukom ipd.),<\/li><li>te\u017eave z dostopom ali uporabo aplikacije LOPOLIS pri odjavah prehrane,<\/li><li>druge nujne oblike podpore, povezane s \u0161olsko prehrano.<\/li><\/ul>\n\n\n\n<p>Prosimo, da e-naslov uporabljate izklju\u010dno za zgoraj navedene primere.<br>Za redne odjave prehrane \u0161e naprej uporabljajte aplikacijo LOPOLIS.<\/p>\n\n\n\n<p>Do 8.15 ure zjutraj za teko\u010di dan lahko pravo\u010dasno odjavo prehrane u\u010dencev izvedete star\u0161i sami v aplikaciji Lopolis.<\/p>\n","protected":false},"excerpt":{"rendered":"<p>Za vse nujne zadeve, povezane s \u0161olsko prehrano, smo vam na voljo na elektronskem naslovu:prehrana@os-dravograd.si Na ta e-naslov se lahko obrnete v naslednjih primerih: izredna odjava prehrane u\u010dencev (npr. nenadna bolezen, nepri\u010dakovan odhod domov med poukom ipd.), te\u017eave z dostopom ali uporabo aplikacije LOPOLIS pri odjavah prehrane, druge nujne oblike podpore, povezane s \u0161olsko prehrano. [&hellip;]<\/p>\n","protected":false},"author":1,"featured_media":0,"parent":0,"menu_order":0,"comment_status":"closed","ping_status":"closed","template":"","meta":{"ngg_post_thumbnail":0},"_links":{"self":[{"href":"https:\/\/www.os-dravograd.si\/index.php\/wp-json\/wp\/v2\/pages\/10017"}],"collection":[{"href":"https:\/\/www.os-dravograd.si\/index.php\/wp-json\/wp\/v2\/pages"}],"about":[{"href":"https:\/\/www.os-dravograd.si\/index.php\/wp-json\/wp\/v2\/types\/page"}],"author":[{"embeddable":true,"href":"https:\/\/www.os-dravograd.si\/index.php\/wp-json\/wp\/v2\/users\/1"}],"replies":[{"embeddable":true,"href":"https:\/\/www.os-dravograd.si\/index.php\/wp-json\/wp\/v2\/comments?post=10017"}],"version-history":[{"count":4,"href":"https:\/\/www.os-dravograd.si\/index.php\/wp-json\/wp\/v2\/pages\/10017\/revisions"}],"predecessor-version":[{"id":10037,"href":"https:\/\/www.os-dravograd.si\/index.php\/wp-json\/wp\/v2\/pages\/10017\/revisions\/10037"}],"wp:attachment":[{"href":"https:\/\/www.os-dravograd.si\/index.php\/wp-json\/wp\/v2\/media?parent=10017"}],"curies":[{"name":"wp","href":"https:\/\/api.w.org\/{rel}","templated":true}]}}