{"id":10892,"date":"2026-04-23T09:30:15","date_gmt":"2026-04-23T07:30:15","guid":{"rendered":"https:\/\/www.os-dravograd.si\/?page_id=10892"},"modified":"2026-04-23T09:42:50","modified_gmt":"2026-04-23T07:42:50","slug":"tradicionalni-slovenski-zajtrk-2","status":"publish","type":"page","link":"https:\/\/www.os-dravograd.si\/index.php\/tradicionalni-slovenski-zajtrk-2\/","title":{"rendered":"TRADICIONALNI SLOVENSKI ZAJTRK"},"content":{"rendered":"<p><img loading=\"lazy\" class=\"aligncenter wp-image-10893\" src=\"https:\/\/www.os-dravograd.si\/wp-content\/uploads\/2026\/04\/zajtrk-2020-300x125-1.png\" alt=\"Tradicionalni slovenski zajtrk\" width=\"343\" height=\"143\" srcset=\"https:\/\/www.os-dravograd.si\/wp-content\/uploads\/2026\/04\/zajtrk-2020-300x125-1.png 300w, https:\/\/www.os-dravograd.si\/wp-content\/uploads\/2026\/04\/zajtrk-2020-300x125-1-200x83.png 200w\" sizes=\"(max-width: 343px) 100vw, 343px\" \/><\/p>\n<p><strong><em>Tradicionalni slovenski zajtrk<\/em><\/strong> je osredni dogodek <strong><em>Tedna slovenske hrane<\/em><\/strong>, ki ga obele\u017eujemo vsak tretji teden v novembru.<\/p>\n<p><strong><em>Tradicionalni slovenski zajtrk<\/em><\/strong> ni le obrok, temve\u010d simbol povezanosti, zdravja in spo\u0161tovanja do doma\u010de hrane.<\/p>\n<p><strong>Namen ukrepa<\/strong><\/p>\n<p>Projekt <strong><em>Tradicionalni slovenski zajtrk<\/em><\/strong> naj bi nas spomnil, da je hrana, ki so jo pridelali in pripravili ljudje na na\u0161ih kmetijah, v kmetijskih in \u017eivilskih podjetjih in zadrugah, bolj sve\u017ea in okusnej\u0161a.&nbsp;<br \/>\nOtroke, mladino in \u0161ir\u0161o javnost seznanjamo o pomenu zajtrka, kot enem izmed najpomembnej\u0161ih obrokov dnevno. Ozave\u0161\u010damo o pomenu in prednostih lokalno pridelanih \u017eivil, ki so pridelana oz. predelana v Sloveniji.<\/p>\n<p>\u017delimo poudariti pomen kmetijstva in \u010debelarstva za predelavo hrane, ter njenem vplivu na okolje.<\/p>\n<p>Pomembno je tudi splo\u0161no ozave\u0161\u010danje mladine o pomenu zdravega na\u010dina \u017eivljenja, vklju\u010dno s pomenom gibanja in izvajanja \u0161portnih aktivnosti.<\/p>\n<p><strong>\u017divila za zajtrk<\/strong><\/p>\n<p><strong><em>Tradicionalen slovenski zajtrk<\/em><\/strong> je sestavljen iz mleka, masla, kruha, medu in jabolk ali drugega sve\u017eega ali suhega sadja brez dodanega sladkorja (v nadaljnjem besedilu: sadje). Kruh mora biti proizveden v Republiki Sloveniji, vsa druga \u017eivila pa morajo biti pridelana in predelana v Republiki Sloveniji.<\/p>\n<p>Organizatorka \u0161olske prehrane in vodja projekta<\/p>\n<p>Elizabet N. Kopmajer<\/p>\n","protected":false},"excerpt":{"rendered":"<p>Tradicionalni slovenski zajtrk je osredni dogodek Tedna slovenske hrane, ki ga obele\u017eujemo vsak tretji teden v novembru. Tradicionalni slovenski zajtrk ni le obrok, temve\u010d simbol povezanosti, zdravja in spo\u0161tovanja do doma\u010de hrane. Namen ukrepa Projekt Tradicionalni slovenski zajtrk naj bi nas spomnil, da je hrana, ki so jo pridelali in pripravili ljudje na na\u0161ih kmetijah, [&hellip;]<\/p>\n","protected":false},"author":1,"featured_media":0,"parent":0,"menu_order":0,"comment_status":"closed","ping_status":"closed","template":"","meta":{"ngg_post_thumbnail":0},"_links":{"self":[{"href":"https:\/\/www.os-dravograd.si\/index.php\/wp-json\/wp\/v2\/pages\/10892"}],"collection":[{"href":"https:\/\/www.os-dravograd.si\/index.php\/wp-json\/wp\/v2\/pages"}],"about":[{"href":"https:\/\/www.os-dravograd.si\/index.php\/wp-json\/wp\/v2\/types\/page"}],"author":[{"embeddable":true,"href":"https:\/\/www.os-dravograd.si\/index.php\/wp-json\/wp\/v2\/users\/1"}],"replies":[{"embeddable":true,"href":"https:\/\/www.os-dravograd.si\/index.php\/wp-json\/wp\/v2\/comments?post=10892"}],"version-history":[{"count":4,"href":"https:\/\/www.os-dravograd.si\/index.php\/wp-json\/wp\/v2\/pages\/10892\/revisions"}],"predecessor-version":[{"id":10899,"href":"https:\/\/www.os-dravograd.si\/index.php\/wp-json\/wp\/v2\/pages\/10892\/revisions\/10899"}],"wp:attachment":[{"href":"https:\/\/www.os-dravograd.si\/index.php\/wp-json\/wp\/v2\/media?parent=10892"}],"curies":[{"name":"wp","href":"https:\/\/api.w.org\/{rel}","templated":true}]}}