{"id":1438,"date":"2020-10-30T09:17:04","date_gmt":"2020-10-30T08:17:04","guid":{"rendered":"http:\/\/92.244.88.147\/wordpress\/?page_id=1438"},"modified":"2020-11-01T09:41:36","modified_gmt":"2020-11-01T08:41:36","slug":"lokacija","status":"publish","type":"page","link":"https:\/\/www.os-dravograd.si\/index.php\/lokacija\/","title":{"rendered":"LOKACIJA"},"content":{"rendered":"<p><span style=\"color: #000000;\"><\/span><\/p>\r\n<p><span style=\"color: #000000;\"><object data=\"images\/stories\/kje_smo\/zemljevid.swf\" type=\"application\/x-shockwave-flash\" width=\"498\" height=\"100\">\r\n\t\t<param name=\"width\" value=\"498\" \/>\r\n\t\t<param name=\"height\" value=\"100\" \/>\r\n\t\t<param name=\"movie\" value=\"images\/stories\/kje_smo\/zemljevid.swf\" \/>\r\n\t<\/object><\/span><\/p>\r\n<p style=\"text-align: justify;\"><span style=\"font-size: 12pt; font-family: arial, helvetica, sans-serif; color: #000000;\">Dravograd je geografsko sredi\u0161e Koro\u0161ke, ki le\u017ei na sti\u010di\u0161\u010du dolin treh rek: Drave, Me\u017ee in Mislinje, na SV delu Slovenije, ob meji z Avstrijo.<\/span><\/p>\r\n<p class=\"MsoNormal\" style=\"text-align: justify;\"><span style=\"font-family: Verdana; color: #000000;\"><span style=\"font-size: 12pt; font-family: arial,helvetica,sans-serif;\"><img loading=\"lazy\" class=\"alignnone  wp-image-1544\" src=\"http:\/\/92.244.88.147\/wordpress\/wp-content\/uploads\/2020\/11\/zem1-300x156.png\" alt=\"\" width=\"411\" height=\"214\" srcset=\"https:\/\/www.os-dravograd.si\/wp-content\/uploads\/2020\/11\/zem1-300x156.png 300w, https:\/\/www.os-dravograd.si\/wp-content\/uploads\/2020\/11\/zem1-370x193.png 370w, https:\/\/www.os-dravograd.si\/wp-content\/uploads\/2020\/11\/zem1-390x203.png 390w, https:\/\/www.os-dravograd.si\/wp-content\/uploads\/2020\/11\/zem1-600x312.png 600w, https:\/\/www.os-dravograd.si\/wp-content\/uploads\/2020\/11\/zem1.png 640w\" sizes=\"(max-width: 411px) 100vw, 411px\" \/><\/span><\/span><\/p>\r\n<p class=\"MsoNormal\" style=\"text-align: justify;\"><span style=\"font-family: Verdana; color: #000000;\"><span style=\"font-size: 12pt; font-family: arial,helvetica,sans-serif;\">Povr\u0161ina ob\u010dine meri 105 km2. Tu \u017eivi 8863 prebivalcev, najve\u010dje naselje je Dravograd, kjer \u017eivi 3414 prebivalcev, sicer pa je \u0161tiriindvajset naselij zaokro\u017eenih v obmo\u010dja krajevnih skupnosti Dravograd, \u010crne\u010de, Libeli\u010de, \u0160entjan\u017e pri Dravogradu in Trbonje.<\/span><\/span><\/p>\r\n<p class=\"MsoNormal\" style=\"text-align: justify;\"><span style=\"font-family: Verdana; color: #000000;\"><span style=\"font-size: 12pt; font-family: arial,helvetica,sans-serif;\"><img loading=\"lazy\" class=\"alignnone  wp-image-1546\" src=\"http:\/\/92.244.88.147\/wordpress\/wp-content\/uploads\/2020\/11\/karta-300x181.jpg\" alt=\"\" width=\"409\" height=\"247\" srcset=\"https:\/\/www.os-dravograd.si\/wp-content\/uploads\/2020\/11\/karta-300x181.jpg 300w, https:\/\/www.os-dravograd.si\/wp-content\/uploads\/2020\/11\/karta-370x223.jpg 370w, https:\/\/www.os-dravograd.si\/wp-content\/uploads\/2020\/11\/karta-390x235.jpg 390w, https:\/\/www.os-dravograd.si\/wp-content\/uploads\/2020\/11\/karta.jpg 421w\" sizes=\"(max-width: 409px) 100vw, 409px\" \/><\/span><\/span><\/p>\r\n<p class=\"MsoNormal\" style=\"text-align: justify;\"><span style=\"font-family: Verdana; color: #000000;\"><span style=\"font-size: 12pt; font-family: arial,helvetica,sans-serif;\">Osnovna \u0161ola Neznanih talcev Dravograd le\u017ei v samem centru Dravograda. Do nas pridete po cesti, ki pelje proti Avstriji.<\/span><\/span><\/p>\r\n<p><span style=\"color: #000000;\"><\/span><\/p>","protected":false},"excerpt":{"rendered":"<p>Dravograd je geografsko sredi\u0161e Koro\u0161ke, ki le\u017ei na sti\u010di\u0161\u010du dolin treh rek: Drave, Me\u017ee in Mislinje, na SV delu Slovenije, ob meji z Avstrijo. Povr\u0161ina ob\u010dine meri 105 km2. Tu \u017eivi 8863 prebivalcev, najve\u010dje naselje je Dravograd, kjer \u017eivi 3414 prebivalcev, sicer pa je \u0161tiriindvajset naselij zaokro\u017eenih v obmo\u010dja krajevnih skupnosti Dravograd, \u010crne\u010de, Libeli\u010de, \u0160entjan\u017e [&hellip;]<\/p>\n","protected":false},"author":1,"featured_media":0,"parent":0,"menu_order":0,"comment_status":"closed","ping_status":"closed","template":"","meta":{"ngg_post_thumbnail":0},"_links":{"self":[{"href":"https:\/\/www.os-dravograd.si\/index.php\/wp-json\/wp\/v2\/pages\/1438"}],"collection":[{"href":"https:\/\/www.os-dravograd.si\/index.php\/wp-json\/wp\/v2\/pages"}],"about":[{"href":"https:\/\/www.os-dravograd.si\/index.php\/wp-json\/wp\/v2\/types\/page"}],"author":[{"embeddable":true,"href":"https:\/\/www.os-dravograd.si\/index.php\/wp-json\/wp\/v2\/users\/1"}],"replies":[{"embeddable":true,"href":"https:\/\/www.os-dravograd.si\/index.php\/wp-json\/wp\/v2\/comments?post=1438"}],"version-history":[{"count":0,"href":"https:\/\/www.os-dravograd.si\/index.php\/wp-json\/wp\/v2\/pages\/1438\/revisions"}],"wp:attachment":[{"href":"https:\/\/www.os-dravograd.si\/index.php\/wp-json\/wp\/v2\/media?parent=1438"}],"curies":[{"name":"wp","href":"https:\/\/api.w.org\/{rel}","templated":true}]}}