{"id":1458,"date":"2020-10-30T17:03:34","date_gmt":"2020-10-30T16:03:34","guid":{"rendered":"http:\/\/92.244.88.147\/wordpress\/?page_id=1458"},"modified":"2026-02-02T06:16:26","modified_gmt":"2026-02-02T05:16:26","slug":"pedagoski-delavci","status":"publish","type":"page","link":"https:\/\/www.os-dravograd.si\/index.php\/pedagoski-delavci\/","title":{"rendered":"PEDAGO\u0160KI DELAVCI"},"content":{"rendered":"\n<figure class=\"wp-block-table is-style-stripes\"><table><tbody><tr><td><strong><span class=\"has-inline-color has-black-color\">Ime<\/span><\/strong><\/td><td><strong><span class=\"has-inline-color has-black-color\">Priimek<\/span><\/strong><\/td><td><strong><span class=\"has-inline-color has-black-color\">Elektronska po\u0161ta<\/span><\/strong><\/td><td><strong><span class=\"has-inline-color has-black-color\">Delovno mesto<\/span><\/strong><\/td><\/tr><tr><td>Tanja<\/td><td>Ba\u010d<\/td><td>tanja.bac@os-dravograd.si<\/td><td>U\u010ditelj-ica<\/td><\/tr><tr><td>Helena<\/td><td>Berli\u010d<\/td><td>helena.berlic@os-dravograd.si<\/td><td>Spremljevalec<\/td><\/tr><tr><td>Martina<\/td><td>Gabrovec<\/td><td>martina.gabrovec@os-dravograd.si<\/td><td>Spremljevalec<\/td><\/tr><tr><td>Petra<\/td><td>Gornjak<\/td><td>petra.gornjak@os-dravograd.si<\/td><td>U\u010ditelj-ica<\/td><\/tr><tr><td>Helena<\/td><td>Gosten\u010dnik<\/td><td>helena.gostencnik@os-dravograd.si<\/td><td>U\u010ditelj-ica<\/td><\/tr><tr><td>Nina<\/td><td>Gracej<\/td><td>nina.gracej@os-dravograd.si<\/td><td>U\u010ditelj-ica<\/td><\/tr><tr><td>Danica<\/td><td>Gru\u0161ovnik<\/td><td>danica.grusovnik@os-dravograd.si<\/td><td>Pomo\u010dnica ravnatelja\/U\u010ditelj-ica<\/td><\/tr><tr><td>Simona<\/td><td>Jer\u010di\u010d P\u0161eni\u010dnik<\/td><td>simona.jercic-psenicnik@os-dravograd.si<\/td><td>U\u010ditelj-ica<\/td><\/tr><tr><td>Mag. Irena<\/td><td>Jeseni\u010dnik<\/td><td>irena.jesenicnik@os-dravograd.si<\/td><td>U\u010ditelj-ica<\/td><\/tr><tr><td>Valerija<\/td><td>Jovan<\/td><td>valerija.jovan@os-dravograd.si<\/td><td>U\u010ditelj-ica<\/td><\/tr><tr><td>Henrika<\/td><td>Kaiser<\/td><td>henrika.kaiser@os-dravograd.si<\/td><td>U\u010ditelj-ica<\/td><\/tr><tr><td>Nata\u0161a<\/td><td>Kamnik<\/td><td>natasa.kamnik@os-dravograd.si<\/td><td>U\u010ditelj-ica<\/td><\/tr><tr><td>Irena<\/td><td>Ka\u0161man<\/td><td>irena.kasman@os-dravograd.si<\/td><td>U\u010ditelj-ica<\/td><\/tr><tr><td>Helena<\/td><td>Knez<\/td><td>helena.knez@os-dravograd.si<\/td><td>U\u010ditelj-ica<\/td><\/tr><tr><td>Mateja<\/td><td>Kone\u010dnik<\/td><td>mateja.konecnik@os-dravograd.si<\/td><td>U\u010ditelj-ica<\/td><\/tr><tr><td>Kaja<\/td><td>Korat<\/td><td>kaja.korat@os-dravograd.si<\/td><td>Spremljevalec<\/td><\/tr><tr><td>Anita<\/td><td>Korde\u017e Gr\u00f6gl<\/td><td>anita.grogl@os-dravograd.si<\/td><td>U\u010ditelj-ica<\/td><\/tr><tr><td>Ivo<\/td><td>Koro\u0161ec<\/td><td>ivo.korosec@os-dravograd.si<\/td><td>U\u010ditelj-ica<\/td><\/tr><tr><td>Barbara<\/td><td>Kotnik<\/td><td>barbara.kotnik@os-dravograd.si<\/td><td>U\u010ditelj-ica<\/td><\/tr><tr><td>Barbara<\/td><td>Kotnik<\/td><td>kotnik.barbara@os-dravograd.si<\/td><td>Spremljevalec<\/td><\/tr><tr><td>Kaja<\/td><td>Kotnik<\/td><td>kaja.kotnik@os-dravograd.si<\/td><td>U\u010ditelj-ica<\/td><\/tr><tr><td>Martina<\/td><td>Kova\u010d<\/td><td>martina.kovac@os-dravograd.si<\/td><td>U\u010ditelj-ica<\/td><\/tr><tr><td>Mateja<\/td><td>Kov\u0161e<\/td><td>mateja.kovse@os-dravograd.si<\/td><td>Pomo\u010dnica ravnatelja<\/td><\/tr><tr><td>Nata\u0161a<\/td><td>Kov\u0161e<\/td><td>natasa.kovse@os-dravograd.si<\/td><td>U\u010ditelj-ica<\/td><\/tr><tr><td>Polona<\/td><td>Krajnc<\/td><td>polona.krajnc@os-dravograd.si<\/td><td>U\u010ditelj-ica<\/td><\/tr><tr><td>Tanja<\/td><td>Kumprej<\/td><td>tanja.kumprej@os-dravograd.si<\/td><td>U\u010ditelj-ica<\/td><\/tr><tr><td>Simona<\/td><td>Ku\u0161ter<\/td><td>simona.kuster@os-dravograd.si<\/td><td>Spremljevalec<\/td><\/tr><tr><td>Darja<\/td><td>Lesnik<\/td><td>darja.lesnik@os-dravograd.si<\/td><td>U\u010ditelj-ica<\/td><\/tr><tr><td>Nina<\/td><td>Mager<\/td><td>nina.mager@os-dravograd.si<\/td><td>U\u010ditelj-ica<\/td><\/tr><tr><td>Petra<\/td><td>Mati\u010dko<\/td><td>petra.maticko@os-dravograd.si<\/td><td>U\u010ditelj-ica<\/td><\/tr><tr><td>Nace<\/td><td>Matvos<\/td><td>nace.matvos@os-dravograd.si<\/td><td>U\u010ditelj-ica<\/td><\/tr><tr><td>Barbara<\/td><td>Mesner<\/td><td>barbara.mesner@os-dravograd.si<\/td><td>Knji\u017eni\u010darka<\/td><\/tr><tr><td>Anja<\/td><td>Miheli\u010d<\/td><td>anja.mihelic@os-dravograd.si<\/td><td>U\u010ditelj-ica<\/td><\/tr><tr><td>Petra<\/td><td>Mikeln<\/td><td>petra.mikeln@os-dravograd.si<\/td><td>U\u010ditelj-ica<\/td><\/tr><tr><td>Zoran<\/td><td>Miklavc<\/td><td>zoran.miklavc@os-dravograd.si<\/td><td>U\u010ditelj-ica<\/td><\/tr><tr><td>Gaja<\/td><td>Mlakar<\/td><td>gaja.mlakar@os-dravograd.si<\/td><td>U\u010ditelj-ica<\/td><\/tr><tr><td>Bla\u017e<\/td><td>Mlin\u0161ek<\/td><td>blaz.mlinsek@os-dravograd.si<\/td><td>U\u010ditelj-ica<\/td><\/tr><tr><td>Ana<\/td><td>Mrdav\u0161i\u010d<\/td><td>ana.mrdavsic@os-dravograd.si<\/td><td>U\u010ditelj-ica<\/td><\/tr><tr><td>Elizabet<\/td><td>Negovec Kopmajer<\/td><td>elizabet.negovec-kopmajer@os-dravograd.si<\/td><td>U\u010ditelj-ica<\/td><\/tr><tr><td>Tanja<\/td><td>O\u0161lak<\/td><td>tanja.oslak@os-dravograd.si<\/td><td>U\u010ditelj-ica<\/td><\/tr><tr><td>Valentina<\/td><td>Paradi\u017e<\/td><td>valentina.paradiz@os-dravograd.si<\/td><td>U\u010ditelj-ica<\/td><\/tr><tr><td>Sonja<\/td><td>Piko<\/td><td>sonja.piko@os-dravograd.si<\/td><td>U\u010ditelj-ica<\/td><\/tr><tr><td>Mateja<\/td><td>Plazovnik<\/td><td>mateja.plazovnik@os-dravograd.si<\/td><td>U\u010ditelj-ica<\/td><\/tr><tr><td>Lovro<\/td><td>Plimon<\/td><td>lovro.plimon@os-dravograd.si<\/td><td>Ravnatelj\/U\u010ditelj-ica<\/td><\/tr><tr><td>Lucija<\/td><td>Plo\u0161nik<\/td><td>lucija.plosnik@os-dravograd.si<\/td><td>U\u010ditelj-ica<\/td><\/tr><tr><td>Marjeta<\/td><td>Podgor\u0161ek Rek<\/td><td>marjeta.podgorsek-rek@os-dravograd.si<\/td><td>U\u010ditelj-ica<\/td><\/tr><tr><td>Maja<\/td><td>Podkri\u017enik<\/td><td>maja.podkriznik@os-dravograd.si<\/td><td>U\u010ditelj-ica<\/td><\/tr><tr><td>Ana<\/td><td>Poto\u010dnik<\/td><td>ana.potocnik@os-dravograd.si<\/td><td>U\u010ditelj-ica<\/td><\/tr><tr><td>Evelina<\/td><td>Praprotnik<\/td><td>evelina.praprotnik@os-dravograd.si<\/td><td>U\u010ditelj-ica<\/td><\/tr><tr><td>Klara<\/td><td>Pravdi\u010d<\/td><td>klara.pravdic@os-dravograd.si<\/td><td>U\u010ditelj-ica<\/td><\/tr><tr><td>Petra<\/td><td>Preksavec<\/td><td>petra.preksavec@os-dravograd.si<\/td><td>U\u010ditelj-ica<\/td><\/tr><tr><td>Marijana<\/td><td>P\u0161eni\u010dnik<\/td><td>marijana.psenicnik@os-dravograd.si<\/td><td>U\u010ditelj-ica<\/td><\/tr><tr><td>Tatjana<\/td><td>P\u0161eni\u010dnik<\/td><td>tatjana.psenicnik@os-dravograd.si<\/td><td>U\u010ditelj-ica<\/td><\/tr><tr><td>Martina<\/td><td>Pungar\u0161ek Senti\u010d<\/td><td>martina.pungarsek-sentic@os-dravograd.si<\/td><td>U\u010ditelj-ica<\/td><\/tr><tr><td>Silvija<\/td><td>Ravnikar<\/td><td>silvija.ravnikar@os-dravograd.si<\/td><td>U\u010ditelj-ica<\/td><\/tr><tr><td>Anja<\/td><td>Roger<\/td><td>anja.roger@os-dravograd.si<\/td><td>U\u010ditelj-ica<\/td><\/tr><tr><td>Lina<\/td><td>Rogl\u0161ek<\/td><td>evelina.roglsek@os-dravograd.si<\/td><td>U\u010ditelj-ica<\/td><\/tr><tr><td>Karmen<\/td><td>Rotovnik<\/td><td>karmen.rotovnik@os-dravograd.si<\/td><td>U\u010ditelj-ica<\/td><\/tr><tr><td>Andra\u017e<\/td><td>Rotovnik<\/td><td>andraz.rotovnik@os-dravograd.si<\/td><td>U\u010ditelj-ica<\/td><\/tr><tr><td>Aleksandra<\/td><td>Ro\u017ei\u010d<\/td><td>aleksandra.rozic@os-dravograd.si<\/td><td>U\u010ditelj-ica<\/td><\/tr><tr><td>Nadja<\/td><td>Sep<\/td><td>nadja.sep@os-dravograd.si<\/td><td>U\u010ditelj-ica<\/td><\/tr><tr><td>Kristina<\/td><td>Seru\u0161nik Pe\u010dnik<\/td><td>kristina.serusnik@os-dravograd.si<\/td><td>U\u010ditelj-ica<\/td><\/tr><tr><td>Anita<\/td><td>Skutnik<\/td><td>anita.skutnik@os-dravograd.si<\/td><td>U\u010ditelj-ica<\/td><\/tr><tr><td>Vesna<\/td><td>\u0160mon<\/td><td>vesna.smon@os-dravograd.si<\/td><td>U\u010ditelj-ica<\/td><\/tr><tr><td>Franja<\/td><td>\u0160mon Dreven\u0161ek<\/td><td>franja.smon-drevensek@os-dravograd.si<\/td><td>U\u010ditelj-ica<\/td><\/tr><tr><td>Sonja<\/td><td>\u0160tih<\/td><td>sonja.stih@os-dravograd.si<\/td><td>U\u010ditelj-ica<\/td><\/tr><tr><td>Samo<\/td><td>\u0160traser<\/td><td>samo.straser@os-dravograd.si<\/td><td>Ra\u010dunalnikar<\/td><\/tr><tr><td>Renata<\/td><td>\u0160umah<\/td><td>renata.sumah@os-dravograd.si<\/td><td>U\u010ditelj-ica<\/td><\/tr><tr><td>Sara<\/td><td>Timo\u0161ek<\/td><td>sara.timosek@os-dravograd.si<\/td><td>U\u010ditelj-ica<\/td><\/tr><tr><td>Ana<\/td><td>Triller<\/td><td>ana.triller@os-dravograd.si<\/td><td>U\u010ditelj-ica<\/td><\/tr><tr><td>Helena<\/td><td>Udu\u010d-Pepevnik<\/td><td>helena.uduc-pepevnik@os-dravograd.si<\/td><td>U\u010ditelj-ica<\/td><\/tr><tr><td>Jasna<\/td><td>Verdnik<\/td><td>jasna.verdnik@os-dravograd.si<\/td><td>U\u010ditelj-ica<\/td><\/tr><tr><td>Katarina<\/td><td>Verhnjak<\/td><td>katarina.verhnjak@os-dravograd.si<\/td><td>U\u010ditelj-ica<\/td><\/tr><tr><td>Igor<\/td><td>Vitrih<\/td><td>igor.vitrih@os-dravograd.si<\/td><td>U\u010ditelj-ica<\/td><\/tr><tr><td>Borut<\/td><td>Vrhnjak<\/td><td>borut.vrhnjak@os-dravograd.si<\/td><td>U\u010ditelj-ica<\/td><\/tr><\/tbody><\/table><\/figure>\n","protected":false},"excerpt":{"rendered":"<p>Ime Priimek Elektronska po\u0161ta Delovno mesto Tanja Ba\u010d tanja.bac@os-dravograd.si U\u010ditelj-ica Helena Berli\u010d helena.berlic@os-dravograd.si Spremljevalec Martina Gabrovec martina.gabrovec@os-dravograd.si Spremljevalec Petra Gornjak petra.gornjak@os-dravograd.si U\u010ditelj-ica Helena Gosten\u010dnik helena.gostencnik@os-dravograd.si U\u010ditelj-ica Nina Gracej nina.gracej@os-dravograd.si U\u010ditelj-ica Danica Gru\u0161ovnik danica.grusovnik@os-dravograd.si Pomo\u010dnica ravnatelja\/U\u010ditelj-ica Simona Jer\u010di\u010d P\u0161eni\u010dnik simona.jercic-psenicnik@os-dravograd.si U\u010ditelj-ica Mag. Irena Jeseni\u010dnik irena.jesenicnik@os-dravograd.si U\u010ditelj-ica Valerija Jovan valerija.jovan@os-dravograd.si U\u010ditelj-ica Henrika Kaiser henrika.kaiser@os-dravograd.si U\u010ditelj-ica Nata\u0161a Kamnik [&hellip;]<\/p>\n","protected":false},"author":1,"featured_media":0,"parent":0,"menu_order":0,"comment_status":"closed","ping_status":"closed","template":"","meta":{"ngg_post_thumbnail":0},"_links":{"self":[{"href":"https:\/\/www.os-dravograd.si\/index.php\/wp-json\/wp\/v2\/pages\/1458"}],"collection":[{"href":"https:\/\/www.os-dravograd.si\/index.php\/wp-json\/wp\/v2\/pages"}],"about":[{"href":"https:\/\/www.os-dravograd.si\/index.php\/wp-json\/wp\/v2\/types\/page"}],"author":[{"embeddable":true,"href":"https:\/\/www.os-dravograd.si\/index.php\/wp-json\/wp\/v2\/users\/1"}],"replies":[{"embeddable":true,"href":"https:\/\/www.os-dravograd.si\/index.php\/wp-json\/wp\/v2\/comments?post=1458"}],"version-history":[{"count":11,"href":"https:\/\/www.os-dravograd.si\/index.php\/wp-json\/wp\/v2\/pages\/1458\/revisions"}],"predecessor-version":[{"id":10276,"href":"https:\/\/www.os-dravograd.si\/index.php\/wp-json\/wp\/v2\/pages\/1458\/revisions\/10276"}],"wp:attachment":[{"href":"https:\/\/www.os-dravograd.si\/index.php\/wp-json\/wp\/v2\/media?parent=1458"}],"curies":[{"name":"wp","href":"https:\/\/api.w.org\/{rel}","templated":true}]}}