{"id":1723,"date":"2020-11-02T10:12:32","date_gmt":"2020-11-02T09:12:32","guid":{"rendered":"http:\/\/92.244.88.147\/wordpress\/?page_id=1723"},"modified":"2025-06-12T17:08:55","modified_gmt":"2025-06-12T15:08:55","slug":"ucbeniski-sklad","status":"publish","type":"page","link":"https:\/\/www.os-dravograd.si\/index.php\/ucbeniski-sklad\/","title":{"rendered":"U\u010cBENI\u0160KI SKLAD"},"content":{"rendered":"<div>\n<p>Osnovna \u0161ola Neznanih talcev Dravograd razpolaga z u\u010dbeni\u0161kim skladom, s katerim omogo\u010da <strong>brezpla\u010dno izposojo u\u010dbenikov <\/strong>vsem u\u010dencem od 1. do 9. razreda. Ob vstopu v \u0161olo postanejo vsi u\u010denci uporabniki u\u010dbeni\u0161kega sklada.<\/p>\n<p>U\u010denci si izposodijo komplet u\u010dbenikov za teko\u010de \u0161olsko leto. Ob koncu \u0161olskega leta morajo <strong>vrniti nepo\u0161kodovane in urejene u\u010dbenike.<\/strong> \u010ce u\u010denec u\u010dbenik po\u0161koduje ali ga izgubi, mora pla\u010dati od\u0161kodnino v skladu z 12. \u010dlenom Pravilnika o upravljanju u\u010dbeni\u0161kih skladov.<\/p>\n<p><strong>Seznami gradiv za \u0161olsko leto 2025\/2026:<\/strong><\/p>\n<table style=\"height: 404px;\" width=\"481\">\n<tbody>\n<tr>\n<td valign=\"top\"><strong>Mati\u010dna \u0161ola<\/strong><\/p>\n<p><a href=\"https:\/\/www.os-dravograd.si\/wp-content\/uploads\/2025\/05\/1.-razred.pdf\">1. razred<\/a><br \/>\n<a href=\"https:\/\/www.os-dravograd.si\/wp-content\/uploads\/2025\/05\/2.-razred.pdf\">2. razred<\/a><br \/>\n<a href=\"https:\/\/www.os-dravograd.si\/wp-content\/uploads\/2025\/05\/3.-razred.pdf\">3. razred<\/a><br \/>\n<a href=\"https:\/\/www.os-dravograd.si\/wp-content\/uploads\/2025\/05\/4.-razred.pdf\">4. razred<\/a><br \/>\n<a href=\"https:\/\/www.os-dravograd.si\/wp-content\/uploads\/2025\/05\/5.-razred.pdf\">5. razred<\/a><br \/>\n<a href=\"https:\/\/www.os-dravograd.si\/wp-content\/uploads\/2025\/05\/6.-razred.pdf\">6. razred<\/a><br \/>\n<a href=\"https:\/\/www.os-dravograd.si\/wp-content\/uploads\/2025\/05\/7.-razred.pdf\">7. razred<\/a><br \/>\n<a href=\"https:\/\/www.os-dravograd.si\/wp-content\/uploads\/2025\/05\/8.-razred.pdf\">8. razred<\/a><br \/>\n<a href=\"https:\/\/www.os-dravograd.si\/wp-content\/uploads\/2025\/05\/9.-razred.pdf\">9. razred<\/a><\/td>\n<td style=\"padding-left: 40px;\" valign=\"top\"><strong>Podru\u017eni\u010dne \u0161ole<\/strong><\/p>\n<p><a href=\"https:\/\/www.os-dravograd.si\/wp-content\/uploads\/2025\/05\/1.-razred-pos.pdf\">1. razred<\/a><br \/>\n<a href=\"https:\/\/www.os-dravograd.si\/wp-content\/uploads\/2025\/05\/2.-razred-pos.pdf\">2. razred<\/a><br \/>\n<a href=\"https:\/\/www.os-dravograd.si\/wp-content\/uploads\/2025\/05\/3.-razred-pos.pdf\">3. razred<\/a><br \/>\n<a href=\"https:\/\/www.os-dravograd.si\/wp-content\/uploads\/2025\/05\/4.-razred-pos.pdf\">4. razred<\/a><br \/>\n<a href=\"https:\/\/www.os-dravograd.si\/wp-content\/uploads\/2025\/05\/5.-razred-pos.pdf\">5. razred<\/a><\/td>\n<\/tr>\n<\/tbody>\n<\/table>\n<p>&nbsp;<\/p>\n<p>Nakup delovnih zvezkov in potreb\u0161\u010din je neodvisen od \u0161ole in ga opravite samostojno na podlagi ponudnika, ki vam je najugodnej\u0161i, preko spleta ali osebno v knjigarni oziroma zalo\u017ebi.<br \/>\nPonudbe si lahko ogledate na spodnjih povezavah. Za pravilnost podatkov na naro\u010dilnicah zunanjih ponudnikov ne odgovarjamo.<\/p>\n<ul>\n<li style=\"list-style-type: none;\">\n<ul>\n<li><a href=\"https:\/\/go2school.com\/\">Go2School<\/a><\/li>\n<li><a href=\"https:\/\/www.kopija-nova.si\/\">Kopija Nova<\/a><\/li>\n<li><a href=\"https:\/\/www.printink.si\/vse-za-solo\">Printink \u2013 Vse za \u0161olo<\/a><\/li>\n<li><a href=\"https:\/\/emka.si\/\">Emka<\/a><\/li>\n<li><a>Fotokopirnica A5<\/a><\/li>\n<\/ul>\n<\/li>\n<\/ul>\n<\/div>\n","protected":false},"excerpt":{"rendered":"<p>Osnovna \u0161ola Neznanih talcev Dravograd razpolaga z u\u010dbeni\u0161kim skladom, s katerim omogo\u010da brezpla\u010dno izposojo u\u010dbenikov vsem u\u010dencem od 1. do 9. razreda. Ob vstopu v \u0161olo postanejo vsi u\u010denci uporabniki u\u010dbeni\u0161kega sklada. U\u010denci si izposodijo komplet u\u010dbenikov za teko\u010de \u0161olsko leto. Ob koncu \u0161olskega leta morajo vrniti nepo\u0161kodovane in urejene u\u010dbenike. \u010ce u\u010denec u\u010dbenik po\u0161koduje [&hellip;]<\/p>\n","protected":false},"author":1,"featured_media":0,"parent":0,"menu_order":0,"comment_status":"closed","ping_status":"closed","template":"","meta":{"ngg_post_thumbnail":0},"_links":{"self":[{"href":"https:\/\/www.os-dravograd.si\/index.php\/wp-json\/wp\/v2\/pages\/1723"}],"collection":[{"href":"https:\/\/www.os-dravograd.si\/index.php\/wp-json\/wp\/v2\/pages"}],"about":[{"href":"https:\/\/www.os-dravograd.si\/index.php\/wp-json\/wp\/v2\/types\/page"}],"author":[{"embeddable":true,"href":"https:\/\/www.os-dravograd.si\/index.php\/wp-json\/wp\/v2\/users\/1"}],"replies":[{"embeddable":true,"href":"https:\/\/www.os-dravograd.si\/index.php\/wp-json\/wp\/v2\/comments?post=1723"}],"version-history":[{"count":8,"href":"https:\/\/www.os-dravograd.si\/index.php\/wp-json\/wp\/v2\/pages\/1723\/revisions"}],"predecessor-version":[{"id":9031,"href":"https:\/\/www.os-dravograd.si\/index.php\/wp-json\/wp\/v2\/pages\/1723\/revisions\/9031"}],"wp:attachment":[{"href":"https:\/\/www.os-dravograd.si\/index.php\/wp-json\/wp\/v2\/media?parent=1723"}],"curies":[{"name":"wp","href":"https:\/\/api.w.org\/{rel}","templated":true}]}}