{"id":7132,"date":"2024-09-02T08:25:06","date_gmt":"2024-09-02T06:25:06","guid":{"rendered":"https:\/\/www.os-dravograd.si\/?page_id=7132"},"modified":"2024-09-02T08:37:49","modified_gmt":"2024-09-02T06:37:49","slug":"cankarjevo-tekmovanje","status":"publish","type":"page","link":"https:\/\/www.os-dravograd.si\/index.php\/cankarjevo-tekmovanje\/","title":{"rendered":"CANKARJEVO TEKMOVANJE"},"content":{"rendered":"\n<p><\/p>\n\n\n<p><strong>CANKARJEVO TEKMOVANJE 2024\/2025<\/strong><\/p>\n<p><img loading=\"lazy\" width=\"280\" height=\"373\" class=\"wp-image-7137\" src=\"https:\/\/www.os-dravograd.si\/wp-content\/uploads\/2024\/09\/http-gradiva-txt-si-m-slovenscina-ivan-cankar-ko.jpeg\" alt=\"http:\/\/gradiva.txt.si\/m\/slovenscina\/ivan-cankar-kostanj-posebne-sorte\/img\/ivan_cankar.jpg\" srcset=\"https:\/\/www.os-dravograd.si\/wp-content\/uploads\/2024\/09\/http-gradiva-txt-si-m-slovenscina-ivan-cankar-ko.jpeg 280w, https:\/\/www.os-dravograd.si\/wp-content\/uploads\/2024\/09\/http-gradiva-txt-si-m-slovenscina-ivan-cankar-ko-150x200.jpeg 150w\" sizes=\"(max-width: 280px) 100vw, 280px\" \/><\/p>\n<p><strong>1. razred:<\/strong> <br>Ela Peroci: Moj de\u017enik je lahko balon<\/p>\n<p><img loading=\"lazy\" width=\"278\" height=\"357\" class=\"wp-image-7138\" src=\"https:\/\/www.os-dravograd.si\/wp-content\/uploads\/2024\/09\/moj-deznik-je-lahko-balon-or-ela-peroci-or-mladinska.jpeg\" alt=\"Moj de\u017enik je lahko balon | Ela Peroci | Mladinska knjiga\" srcset=\"https:\/\/www.os-dravograd.si\/wp-content\/uploads\/2024\/09\/moj-deznik-je-lahko-balon-or-ela-peroci-or-mladinska.jpeg 278w, https:\/\/www.os-dravograd.si\/wp-content\/uploads\/2024\/09\/moj-deznik-je-lahko-balon-or-ela-peroci-or-mladinska-156x200.jpeg 156w\" sizes=\"(max-width: 278px) 100vw, 278px\" \/><\/p>\n<p><strong>2. in 3. razred:<\/strong> <br>Bina \u0160tampe \u017dmavc: Bajka o svetlobi<\/p>\n<p><img loading=\"lazy\" width=\"220\" height=\"310\" class=\"wp-image-7139\" src=\"https:\/\/www.os-dravograd.si\/wp-content\/uploads\/2024\/09\/bajka-o-svetlobi-cobiss.jpeg\" alt=\"Bajka o svetlobi :: COBISS+\" srcset=\"https:\/\/www.os-dravograd.si\/wp-content\/uploads\/2024\/09\/bajka-o-svetlobi-cobiss.jpeg 220w, https:\/\/www.os-dravograd.si\/wp-content\/uploads\/2024\/09\/bajka-o-svetlobi-cobiss-142x200.jpeg 142w\" sizes=\"(max-width: 220px) 100vw, 220px\" \/><\/p>\n<p><strong>4. in 5. razred:<\/strong> <br>Sebastijan Pregelj: Zmaj nad mestom<\/p>\n<p><img loading=\"lazy\" width=\"272\" height=\"384\" class=\"wp-image-7140\" src=\"https:\/\/www.os-dravograd.si\/wp-content\/uploads\/2024\/09\/stories-from-the-duchy-of-carniola-a-dragon-above.jpeg\" alt=\"Stories from the Duchy of Carniola: A Dragon Above the Town - Mi\u0161 Zalo\u017eba\" srcset=\"https:\/\/www.os-dravograd.si\/wp-content\/uploads\/2024\/09\/stories-from-the-duchy-of-carniola-a-dragon-above.jpeg 272w, https:\/\/www.os-dravograd.si\/wp-content\/uploads\/2024\/09\/stories-from-the-duchy-of-carniola-a-dragon-above-142x200.jpeg 142w\" sizes=\"(max-width: 272px) 100vw, 272px\" \/><\/p>\n<p><strong>6. in 7. razred:<\/strong> <br>Bogdan Novak: Grajski strah<\/p>\n<p><img loading=\"lazy\" width=\"335\" height=\"480\" class=\"wp-image-7141\" src=\"https:\/\/www.os-dravograd.si\/wp-content\/uploads\/2024\/09\/zvesti-prijatelji-grajski-strah-zalozba-karanta.jpeg\" alt=\"Zvesti prijatelji: Grajski strah \u2013 Zalo\u017eba Karantanija\" srcset=\"https:\/\/www.os-dravograd.si\/wp-content\/uploads\/2024\/09\/zvesti-prijatelji-grajski-strah-zalozba-karanta.jpeg 335w, https:\/\/www.os-dravograd.si\/wp-content\/uploads\/2024\/09\/zvesti-prijatelji-grajski-strah-zalozba-karanta-140x200.jpeg 140w, https:\/\/www.os-dravograd.si\/wp-content\/uploads\/2024\/09\/zvesti-prijatelji-grajski-strah-zalozba-karanta-300x430.jpeg 300w\" sizes=\"(max-width: 335px) 100vw, 335px\" \/><\/p>\n<p><strong>8. in 9. razred:<\/strong> <br>\u0160pela Frlic: Ble\u0161\u010divka<\/p>\n<p><img loading=\"lazy\" width=\"269\" height=\"404\" class=\"wp-image-7142\" src=\"https:\/\/www.os-dravograd.si\/wp-content\/uploads\/2024\/09\/blescivka.jpeg\" alt=\"Ble\u0161\u010divka\" srcset=\"https:\/\/www.os-dravograd.si\/wp-content\/uploads\/2024\/09\/blescivka.jpeg 269w, https:\/\/www.os-dravograd.si\/wp-content\/uploads\/2024\/09\/blescivka-133x200.jpeg 133w\" sizes=\"(max-width: 269px) 100vw, 269px\" \/><\/p>\n<p>Blev\u0161\u010divka je dostopna tudi na BIBLOSU.<\/p>","protected":false},"excerpt":{"rendered":"<p>CANKARJEVO TEKMOVANJE 2024\/2025 1. razred: Ela Peroci: Moj de\u017enik je lahko balon 2. in 3. razred: Bina \u0160tampe \u017dmavc: Bajka o svetlobi 4. in 5. razred: Sebastijan Pregelj: Zmaj nad mestom 6. in 7. razred: Bogdan Novak: Grajski strah 8. in 9. razred: \u0160pela Frlic: Ble\u0161\u010divka Blev\u0161\u010divka je dostopna tudi na BIBLOSU.<\/p>\n","protected":false},"author":1,"featured_media":0,"parent":0,"menu_order":0,"comment_status":"closed","ping_status":"closed","template":"","meta":{"ngg_post_thumbnail":0},"_links":{"self":[{"href":"https:\/\/www.os-dravograd.si\/index.php\/wp-json\/wp\/v2\/pages\/7132"}],"collection":[{"href":"https:\/\/www.os-dravograd.si\/index.php\/wp-json\/wp\/v2\/pages"}],"about":[{"href":"https:\/\/www.os-dravograd.si\/index.php\/wp-json\/wp\/v2\/types\/page"}],"author":[{"embeddable":true,"href":"https:\/\/www.os-dravograd.si\/index.php\/wp-json\/wp\/v2\/users\/1"}],"replies":[{"embeddable":true,"href":"https:\/\/www.os-dravograd.si\/index.php\/wp-json\/wp\/v2\/comments?post=7132"}],"version-history":[{"count":2,"href":"https:\/\/www.os-dravograd.si\/index.php\/wp-json\/wp\/v2\/pages\/7132\/revisions"}],"predecessor-version":[{"id":7143,"href":"https:\/\/www.os-dravograd.si\/index.php\/wp-json\/wp\/v2\/pages\/7132\/revisions\/7143"}],"wp:attachment":[{"href":"https:\/\/www.os-dravograd.si\/index.php\/wp-json\/wp\/v2\/media?parent=7132"}],"curies":[{"name":"wp","href":"https:\/\/api.w.org\/{rel}","templated":true}]}}

<p></p>


<p><strong>CANKARJEVO TEKMOVANJE 2024/2025</strong></p>
<p><img loading="lazy" width="280" height="373" class="wp-image-7137" src="https://www.os-dravograd.si/wp-content/uploads/2024/09/http-gradiva-txt-si-m-slovenscina-ivan-cankar-ko.jpeg" alt="http://gradiva.txt.si/m/slovenscina/ivan-cankar-kostanj-posebne-sorte/img/ivan_cankar.jpg" srcset="https://www.os-dravograd.si/wp-content/uploads/2024/09/http-gradiva-txt-si-m-slovenscina-ivan-cankar-ko.jpeg 280w, https://www.os-dravograd.si/wp-content/uploads/2024/09/http-gradiva-txt-si-m-slovenscina-ivan-cankar-ko-150x200.jpeg 150w" sizes="(max-width: 280px) 100vw, 280px" /></p>
<p><strong>1. razred:</strong> <br>Ela Peroci: Moj dežnik je lahko balon</p>
<p><img loading="lazy" width="278" height="357" class="wp-image-7138" src="https://www.os-dravograd.si/wp-content/uploads/2024/09/moj-deznik-je-lahko-balon-or-ela-peroci-or-mladinska.jpeg" alt="Moj dežnik je lahko balon | Ela Peroci | Mladinska knjiga" srcset="https://www.os-dravograd.si/wp-content/uploads/2024/09/moj-deznik-je-lahko-balon-or-ela-peroci-or-mladinska.jpeg 278w, https://www.os-dravograd.si/wp-content/uploads/2024/09/moj-deznik-je-lahko-balon-or-ela-peroci-or-mladinska-156x200.jpeg 156w" sizes="(max-width: 278px) 100vw, 278px" /></p>
<p><strong>2. in 3. razred:</strong> <br>Bina Štampe Žmavc: Bajka o svetlobi</p>
<p><img loading="lazy" width="220" height="310" class="wp-image-7139" src="https://www.os-dravograd.si/wp-content/uploads/2024/09/bajka-o-svetlobi-cobiss.jpeg" alt="Bajka o svetlobi :: COBISS+" srcset="https://www.os-dravograd.si/wp-content/uploads/2024/09/bajka-o-svetlobi-cobiss.jpeg 220w, https://www.os-dravograd.si/wp-content/uploads/2024/09/bajka-o-svetlobi-cobiss-142x200.jpeg 142w" sizes="(max-width: 220px) 100vw, 220px" /></p>
<p><strong>4. in 5. razred:</strong> <br>Sebastijan Pregelj: Zmaj nad mestom</p>
<p><img loading="lazy" width="272" height="384" class="wp-image-7140" src="https://www.os-dravograd.si/wp-content/uploads/2024/09/stories-from-the-duchy-of-carniola-a-dragon-above.jpeg" alt="Stories from the Duchy of Carniola: A Dragon Above the Town - Miš Založba" srcset="https://www.os-dravograd.si/wp-content/uploads/2024/09/stories-from-the-duchy-of-carniola-a-dragon-above.jpeg 272w, https://www.os-dravograd.si/wp-content/uploads/2024/09/stories-from-the-duchy-of-carniola-a-dragon-above-142x200.jpeg 142w" sizes="(max-width: 272px) 100vw, 272px" /></p>
<p><strong>6. in 7. razred:</strong> <br>Bogdan Novak: Grajski strah</p>
<p><img loading="lazy" width="335" height="480" class="wp-image-7141" src="https://www.os-dravograd.si/wp-content/uploads/2024/09/zvesti-prijatelji-grajski-strah-zalozba-karanta.jpeg" alt="Zvesti prijatelji: Grajski strah – Založba Karantanija" srcset="https://www.os-dravograd.si/wp-content/uploads/2024/09/zvesti-prijatelji-grajski-strah-zalozba-karanta.jpeg 335w, https://www.os-dravograd.si/wp-content/uploads/2024/09/zvesti-prijatelji-grajski-strah-zalozba-karanta-140x200.jpeg 140w, https://www.os-dravograd.si/wp-content/uploads/2024/09/zvesti-prijatelji-grajski-strah-zalozba-karanta-300x430.jpeg 300w" sizes="(max-width: 335px) 100vw, 335px" /></p>
<p><strong>8. in 9. razred:</strong> <br>Špela Frlic: Bleščivka</p>
<p><img loading="lazy" width="269" height="404" class="wp-image-7142" src="https://www.os-dravograd.si/wp-content/uploads/2024/09/blescivka.jpeg" alt="Bleščivka" srcset="https://www.os-dravograd.si/wp-content/uploads/2024/09/blescivka.jpeg 269w, https://www.os-dravograd.si/wp-content/uploads/2024/09/blescivka-133x200.jpeg 133w" sizes="(max-width: 269px) 100vw, 269px" /></p>
<p>Blevščivka je dostopna tudi na BIBLOSU.</p>

<p>CANKARJEVO TEKMOVANJE 2024/2025 1. razred: Ela Peroci: Moj dežnik je lahko balon 2. in 3. razred: Bina Štampe Žmavc: Bajka o svetlobi 4. in 5. razred: Sebastijan Pregelj: Zmaj nad mestom 6. in 7. razred: Bogdan Novak: Grajski strah 8. in 9. razred: Špela Frlic: Bleščivka Blevščivka je dostopna tudi na BIBLOSU.</p>
